 k(f) = f**3 + 4*f**2 + 4*f + 3. Let c be k(-2). Let g(y) = -2*y**3 + 4*y**2 - 2. Give g(c).
-20
Let m(a) be the first derivative of -a**4/4 - 2*a**3 - 3*a**2/2 - 9*a - 21. Calculate m(-6).
9
Let l(d) = -d**2 + 2*d + 4. Let p = -18 - -21. Calculate l(p).
1
Let n = 22 + -16. Let i be n/24 - 17/4. Let z(a) be the third derivative of -a**4/24 + 2*a**2. What is z(i)?
4
Let h be (-9)/84*(-9 - -1)*7. Let a(w) = -w**3 + 5*w**2 + 3*w + 5. Give a(h).
-13
Let a(f) be the third derivative of -f**6/40 + f**5/30 - f**3/6 - 22*f**2. What is a(-1)?
4
Let h(d) = 4*d - 7. Let l(n) = -2*n + 3. Let r(v) = -4*h(v) - 9*l(v). Calculate r(-4).
-7
Let h be 2 + (0 - 35/20). Let v(q) be the first derivative of 1/2*q**2 - 3 + 6*q + 5/3*q**3 + h*q**4. Calculate v(-5).
1
Let v(u) = u**2 - 3*u - 5. Let o(x) = x**2 - x. Let n(f) = -2*f**2 + 2. Let s(d) = -n(d) - o(d). Let t be s(-3). Determine v(t).
-1
Suppose -4*d + 5*z = z + 12, 3*d - z + 9 = 0. Let r(q) = q**3 + 3*q**2 - q + 4. Calculate r(d).
7
Let r = -5 + 6. Let n(u) = u + 1. Let x(h) = h**2 + 9*h + 5. Let c(w) = r*x(w) - 5*n(w). Calculate c(-3).
-3
Let t(z) = z**2 - 9*z + 1. Let b(f) = -f**3 - 2*f + 6. Let i be b(0). What is t(i)?
-17
Let t(z) = -z**2 + 3*z - 3. Let u be 3*(2 + (-28)/12). Let p be 1*(u + 0)*-3. What is t(p)?
-3
Let t(o) = -o + 5*o - 7 + 8 - 2*o. Let c(s) = 3*s + 2. Let x(b) = -4*c(b) + 5*t(b). Let w = -6 - -4. Calculate x(w).
1
Suppose t + 2*t = 0. Suppose 2*i = 2*s - 4, 4*i + 6 = 3*s - t*i. Let q(d) = -2 + s*d + 2*d + 2*d - 4*d. Calculate q(2).
2
Let l(p) = p - 7. Suppose -5 - 4 = -q. Let x be l(q). Let u be 27/(-5) - x/(-5). Let b(i) = -i**2 - 4*i + 1. What is b(u)?
-4
Let r(w) be the third derivative of w**6/120 + w**5/12 + w**4/24 + w**3/2 - 4*w**2. Give r(-4).
15
Let p(r) = -3*r**3 + 10 + 0*r + 4*r**3 - 4 + 7*r**2 + r. Give p(-7).
-1
Suppose 5*b + 2*p - 22 = 0, 2*b + 0 = 4*p + 4. Suppose -4*o + b = 20. Let q(v) = 3*v - 2. Let u(w) = 10*w - 7. Let a(s) = 7*q(s) - 2*u(s). Calculate a(o).
-4
Let p(u) = 5*u. Let z = 8 + -12. Let s = -5 - z. Calculate p(s).
-5
Let f(h) = h. Let r = 0 + -2. Calculate f(r).
-2
Let g be (56/(-12))/(1/3). Let s = -10 - g. Let f(w) = -1 + w**3 + 5 + w - s. Calculate f(-1).
-2
Let f be -6*(1 - (-3)/(-2)). Let a be f/6*-2*-5. Let n(z) = z. Let d(v) = v. Let c(b) = -4*d(b) + 3*n(b). Determine c(a).
-5
Suppose -2*t + 20 = 34. Let q(k) = -k**3 - 6*k**2 + 6*k. Calculate q(t).
7
Suppose 3*o - 2*o - 3*y - 17 = 0, 2*o = -3*y - 2. Suppose 3 + 12 = o*b. Let j(p) = -p**2 + 4. Calculate j(b).
-5
Let t(u) = -4*u**2 + u. Let i(h) = h**2. Let x(g) = 2*i(g) + t(g). Let b = -1 + 0. Give x(b).
-3
Suppose -5*n = -13 + 3. Suppose 2*f + n*i = -2*f - 14, 0 = 5*f - i + 7. Let c = -4 - f. Let o(l) = l**3 + 3*l**2 + l. Give o(c).
2
Let b(k) = -k - 1. Let n(r) = 2*r - 8. Let g = -8 + 9. Let i(a) = g*b(a) + n(a). Give i(4).
-5
Let v be -6 + -3 + (-10)/(-2). Let p be 1/((-2)/(v/2)). Let j(w) = -w**3 + 2*w**2 - 1. Give j(p).
0
Let a = -10 - -14. Let d(o) = -5*o + 3*o + a*o + 6*o**2 - 3*o - o**3 - 3. Determine d(6).
-9
Suppose 4 = 4*g - 2*g. Let i(p) = p**3 - 7*p**2 + 5*p + 2. Let z be i(6). Let b = z + g. Let h(u) = 2*u**2 + 2*u - 2. Give h(b).
2
Let u(g) = g - 18. Let h be (-1 - (-14)/(-10))/(39/(-130)). Determine u(h).
-10
Let z(d) = -2*d**3 + 3*d**2 + 8*d - 7. Let p(v) = -5*v**3 + 10*v**2 + 23*v - 20. Let l(f) = 3*p(f) - 8*z(f). Calculate l(-5).
-4
Let r(y) be the first derivative of y**2/2 - y - 10. Determine r(-3).
-4
Let f(o) = 5*o + 58*o**3 - 2 + 6*o**2 - 59*o**3 - 2*o**2. Calculate f(5).
-2
Suppose 5*x - 3*x + 4 = 0. Suppose -4 = -2*m - 0. Let l(o) = -1 + 0*o**3 + o**3 + 2 - o + m*o**2. Give l(x).
3
Let r(u) = -2*u**2 - 6 + 2*u**2 + u**2 + 0 + 4*u. Let m be r(-5). Let b(p) = -8*p**2 + 5*p - 7. Let x(z) = z - 1. Let l(i) = -b(i) + 6*x(i). Determine l(m).
8
Suppose -6*m + 2*m - d = 20, 4*m + 28 = d. Let y = 6 + m. Let a(o) = o**2 + 5. Give a(y).
5
Suppose -2*o + 5*o = 12. Suppose 4*y = -0*y - o. Let s(d) = -3*d**3 - d**2 - d - 1. What is s(y)?
2
Let g(k) = -k**2 - k. Let u(t) = 2*t**3. Let s be u(-1). Let v(q) = -3*q**2 - 2*q + 3. Let i(x) = s*g(x) + v(x). What is i(3)?
-6
Let r(b) = -3*b**2 + 4*b + 5 - 4 - b**3 - 5. Calculate r(-4).
-4
Let l(v) = -1. Suppose 5*o + 4*j + 0*j + 25 = 0, 3*j + 11 = 4*o. Let k(u) = 2*u - 6. Let r(d) = o*k(d) + 2*l(d). Let y be 5/4*(-8)/(-2). Calculate r(y).
-6
Let x(m) be the first derivative of 6*m - 1/3*m**3 - 7/2*m**2 - 2. Calculate x(-8).
-2
Let a(u) = u**3 - 3*u**2 + 3*u - 4. Let p(v) = -3*v**3 + 8*v**2 - 8*v + 12. Let h(r) = -11*a(r) - 4*p(r). What is h(0)?
-4
Let d(w) = -w**3 + 2*w**2 + 4*w + 6. Let b be d(-2). Let k be b/21 + 28/(-6). Let t(o) = -o. Calculate t(k).
4
Suppose -4*s + 12*s + 56 = 0. Let c(j) = -j**2 - 8*j - 9. Determine c(s).
-2
Let y(p) be the second derivative of 2*p**2 + 5*p + 2/3*p**3 + 0. What is y(-3)?
-8
Let w(h) = 3*h - 3. Let s be w(4). Let y = -7 + s. Let l(p) = -2*p**3 + p**2 + 3*p - 2. Give l(y).
-8
Let r(y) = 2*y**2 + 9 - 13*y**3 - y**2 - y - 10. Determine r(-1).
14
Let q(k) be the third derivative of k**9/60480 - k**7/5040 + k**6/144 + k**5/30 - 3*k**2. Let t(o) be the third derivative of q(o). Determine t(0).
5
Let w(l) be the first derivative of l**3/3 + 11*l**2/2 - 4*l + 2. Let m(v) = 5*v - 2. Let p(t) = 5*m(t) - 2*w(t). What is p(2)?
-4
Let j(w) be the first derivative of 3*w**2/2 + w + 3. Determine j(1).
4
Let j(v) = v + 12. Let i be j(-11). Let c(y) = 0*y - y**3 + i - 2*y**2 + 3*y**2 + 3*y. Give c(3).
-8
Let c(h) = 4*h - 5. Let z = -18 - -15. Let y(g) = 11*g - 15. Let t(d) = z*y(d) + 8*c(d). Determine t(-5).
10
Suppose -13 = -o - 5*i, -2*o = 2*o + 3*i + 16. Let q(s) = 2*s**3 + 2*s + 2*s - 3*s - s**3 + 7*s**2. Give q(o).
-7
Suppose -5*p + 5 + 0 = 5*k, 3 = 3*k. Let j(v) = -v**3. What is j(p)?
0
Let f(y) be the third derivative of -y**5/60 - y**4/8 - y**2. Let u = -57 + 80. Suppose -u + 8 = 5*x. Calculate f(x).
0
Let p be 10/(-55) - 40/22. Let c(q) be the first derivative of -q**4/4 - q**3 + q**2/2 + q - 2. Determine c(p).
-5
Let k(w) = 3*w - 4. Let j(y) = -y**2 - 19*y + 3. Let h be j(-19). Give k(h).
5
Let s(q) = -7*q**3 - q**2 - q - 1. Let u = 16 - 17. Calculate s(u).
6
Suppose -2*n = -3*n + 2*h + 42, 168 = 4*n + 3*h. Let w be (n/(-12))/((-2)/4). Let u(v) = -v**3 + 6*v**2 + 6*v + 6. What is u(w)?
-1
Suppose -17 = -3*z - 2. Let h(q) = -q**2 + 5*q - 1. Determine h(z).
-1
Let b(u) = 5*u - 1 + 6 - 7*u. Let k be ((-8)/(-10))/1*5. What is b(k)?
-3
Let q = -17 - -39. Suppose -q*y - 14 = -24*y. Let s(k) = k**2 - 9*k + 4. Calculate s(y).
-10
Let g(x) = -12 + 11*x - 9*x + 7. Determine g(-7).
-19
Let q(m) = -m**2 + 13*m + 4. Let n be q(9). Suppose -5*p - n = -5*f, 2*f + 5 = -0*p - 5*p. Let h(y) = y**3 - 4*y**2 - 4*y - 2. Determine h(f).
3
Let w(t) = 13*t**2 - 4*t + 4. Let h(c) = -3*c**2 + c - 1. Let y(v) = -9*h(v) - 2*w(v). Determine y(-2).
7
Let y(t) = 5*t**3 + t**2 - t + 1. Let l(b) = b**2 + 5*b + 3. Let j be l(-5). Suppose -7 + 4 = -j*f. Determine y(f).
6
Let u = -11 - -15. Let g = 13 + -10. Let y(i) = -2*i**g + 2*i - i - i**3 + u + 4*i**3 + 5*i**2. Give y(-5).
-1
Let z(v) = -v + 1. Let q be z(3). Let j(c) = -5*c - 3. Determine j(q).
7
Let y(k) be the second derivative of -k**3/6 - 2*k**2 - k - 8. Calculate y(3).
-7
Let l(r) = -r - 3. Let f = -11 + 11. Let u be l(f). Let q(a) = -3*a**2 - a**3 - 1 + a + 3 + 0*a**2. Determine q(u).
-1
Let t(d) = -d + 11. Let x(v) = -v + 11. Let u(o) = 5*t(o) - 6*x(o). Let f be (-10)/1*(-6)/12. Determine u(f).
-6
Let z(q) be the second derivative of -q**4/12 + 7*q**3/6 - q**2/2 - 8*q. Let o = -1 - -3. Suppose o*r - r = 5. Determine z(r).
9
Let q(w) = w**3 + 6*w**2 + 5*w. Suppose -5*t - 25 = -0*t. Let y be q(t). Let k(d) = 3 - 2*d - d**2 + d - 9. What is k(y)?
-6
Let s(m) = m**2 + 6*m + 2. Suppose 0 = -g - 3 - 3. Let c be s(g). Let i(t) = -t**2 + 2*t - 3. Give i(c).
-3
Let a = 24 - 20. Let i(x) = a*x + 3 - 5 - 3*x. Calculate i(-3).
-5
Let d(y) = -2*y**2 - 5*y - 2. Suppose 8 = 5*z - 3*z. Suppose z*u - u + 9 = 0. Calculate d(u).
-5
Let m(d) be the second derivative of -d**4/12 - d**3/6 - 2*d**2 + 8*d. Calculate m(-3).
-10
Let v(c) = -c**3 - 3*c**2 + c - 4. Let m(x) be the first derivative of -x**4/4 - 7*x**3/3 - 2*x**2 + 8*x - 2. Let h be m(-6). Calculate v(h).
8
Suppose -2 - 2 = -2*d. Let m(c) = 0*c 